{"id":201,"date":"2022-08-03T05:53:02","date_gmt":"2022-08-03T08:53:02","guid":{"rendered":"https:\/\/latinamericanmusiconline.com\/laguaridadelosmusicos\/?post_type=product&#038;p=201"},"modified":"2022-08-03T05:53:02","modified_gmt":"2022-08-03T08:53:02","slug":"tangos-para-guitarra","status":"publish","type":"product","link":"https:\/\/latinamericanmusiconline.com\/laguaridadelosmusicos\/product\/tangos-para-guitarra\/","title":{"rendered":"Tangos para Guitarra"},"content":{"rendered":"<p><strong>TANGOS PARA GUITARRA\u00a0 (music &amp; tab)<\/strong> Esta es la primera entrega de una serie de obras guitarristicas que contienen un alto valor pedagogico <strong>interpretadas con t\u00e9cnica clasica que incluyen audio, partitura y tablatura abordando el tango solista desde distintos angulos<\/strong>.<br \/>\nPasando por los <strong>tangos de la guardia vieja<\/strong>, los <strong>de la decada del 40<\/strong>, el <strong>vals<\/strong>, la <strong>milonga<\/strong>, el estilo de <strong>Astor Piazzola<\/strong>, arreglos con armonizaciones mas contemporaneas y la novedosa incursi\u00f3n de la afinacion de <strong>sol menor abierta<\/strong>, notablemente apta para el g\u00e9nero. Como una suerte de bonus track, dos ensayos guitarr\u00edsticos que fusionan el tango con el blues usando tecnicas de interpretaci\u00f3n como el walking bass usados en country, blues o jazz pero con matices de expresion tanguera intentando crear un nexo entre dos estilos que no parecen tan incompatibles a las nuevas generaciones. 10 obras para guitarra inspiradas en la geografia guitarristica de los grandes arreglos para el instrumento.<\/p>\n","protected":false},"excerpt":{"rendered":"<p>El tango solista desde distintos angulos. Obras guitarristicas interpretadas con t\u00e9cnica clasica que incluyen audio, partitura y tablatura<\/p>\n","protected":false},"featured_media":202,"comment_status":"open","ping_status":"closed","template":"","meta":[],"product_cat":[33],"product_tag":[34,37],"_links":{"self":[{"href":"https:\/\/latinamericanmusiconline.com\/laguaridadelosmusicos\/wp-json\/wp\/v2\/product\/201"}],"collection":[{"href":"https:\/\/latinamericanmusiconline.com\/laguaridadelosmusicos\/wp-json\/wp\/v2\/product"}],"about":[{"href":"https:\/\/latinamericanmusiconline.com\/laguaridadelosmusicos\/wp-json\/wp\/v2\/types\/product"}],"replies":[{"embeddable":true,"href":"https:\/\/latinamericanmusiconline.com\/laguaridadelosmusicos\/wp-json\/wp\/v2\/comments?post=201"}],"wp:featuredmedia":[{"embeddable":true,"href":"https:\/\/latinamericanmusiconline.com\/laguaridadelosmusicos\/wp-json\/wp\/v2\/media\/202"}],"wp:attachment":[{"href":"https:\/\/latinamericanmusiconline.com\/laguaridadelosmusicos\/wp-json\/wp\/v2\/media?parent=201"}],"wp:term":[{"taxonomy":"product_cat","embeddable":true,"href":"https:\/\/latinamericanmusiconline.com\/laguaridadelosmusicos\/wp-json\/wp\/v2\/product_cat?post=201"},{"taxonomy":"product_tag","embeddable":true,"href":"https:\/\/latinamericanmusiconline.com\/laguaridadelosmusicos\/wp-json\/wp\/v2\/product_tag?post=201"}],"curies":[{"name":"wp","href":"https:\/\/api.w.org\/{rel}","templated":true}]}}