{"id":195,"date":"2022-08-03T05:35:14","date_gmt":"2022-08-03T08:35:14","guid":{"rendered":"https:\/\/latinamericanmusiconline.com\/laguaridadelosmusicos\/?post_type=product&#038;p=195"},"modified":"2022-08-03T23:35:38","modified_gmt":"2022-08-04T02:35:38","slug":"la-biblia-del-rock","status":"publish","type":"product","link":"https:\/\/latinamericanmusiconline.com\/laguaridadelosmusicos\/product\/la-biblia-del-rock\/","title":{"rendered":"La Biblia del Rock"},"content":{"rendered":"<p><strong>LA BIBLIA DEL ROCK <\/strong><strong>THE BIBLE OF<\/strong> \/ <strong>A BIBLE DO<\/strong>(el libro de guitarra mas vendido en los ultimos a\u00f1os en la Argentina) Manejo de palanca, t\u00e9cnicas a dos manos (tapping), guitarra r\u00edtmica, barridos y velocidad entre muchos otros temas obligados de la t\u00e9cnica moderna para guitarra el\u00e9ctrica. Propone diferentes l\u00edneas a modo de ejemplos y ejercicios\u00a0del estilo Van Halen, Yngwie Malmsteen, Keith Ritchards, Stanley Jordan y Johnny Winter entre otros. Claro y preciso, La Biblia del Rock\u00a0 recorre las t\u00e9cnicas esenciales de este instrumento. Vibrato, Rhythm guitar , Bending, Hammered\/pulled bending, Expression, rockabilly, rock &amp; roll, rock (do sul), heavy, trash metal, funk, country, two handed techniques, sweeping, special effects: harmonics, trills with the pick, crossed tap, slided harmonics, volume effect. Incluye CD o DVD. <strong>En\u00a0ingles, espa\u00f1ol y portugues<\/strong>.<\/p>\n","protected":false},"excerpt":{"rendered":"<p>LA BIBLIA DEL ROCK THE BIBLE OF \/ A BIBLE DO(el libro de guitarra mas vendido en los ultimos a\u00f1os en la Argentina) Manejo de palanca, t\u00e9cnicas a dos manos (tapping), guitarra r\u00edtmica, barridos y velocidad entre muchos otros temas obligados de la t\u00e9cnica moderna para guitarra el\u00e9ctrica. Propone diferentes l\u00edneas a modo de ejemplos &#8230; <a title=\"La Biblia del Rock\" class=\"read-more\" href=\"https:\/\/latinamericanmusiconline.com\/laguaridadelosmusicos\/product\/la-biblia-del-rock\/\" aria-label=\"More on La Biblia del Rock\">Read more<\/a><\/p>\n","protected":false},"featured_media":267,"comment_status":"open","ping_status":"closed","template":"","meta":[],"product_cat":[36,33],"product_tag":[],"_links":{"self":[{"href":"https:\/\/latinamericanmusiconline.com\/laguaridadelosmusicos\/wp-json\/wp\/v2\/product\/195"}],"collection":[{"href":"https:\/\/latinamericanmusiconline.com\/laguaridadelosmusicos\/wp-json\/wp\/v2\/product"}],"about":[{"href":"https:\/\/latinamericanmusiconline.com\/laguaridadelosmusicos\/wp-json\/wp\/v2\/types\/product"}],"replies":[{"embeddable":true,"href":"https:\/\/latinamericanmusiconline.com\/laguaridadelosmusicos\/wp-json\/wp\/v2\/comments?post=195"}],"wp:featuredmedia":[{"embeddable":true,"href":"https:\/\/latinamericanmusiconline.com\/laguaridadelosmusicos\/wp-json\/wp\/v2\/media\/267"}],"wp:attachment":[{"href":"https:\/\/latinamericanmusiconline.com\/laguaridadelosmusicos\/wp-json\/wp\/v2\/media?parent=195"}],"wp:term":[{"taxonomy":"product_cat","embeddable":true,"href":"https:\/\/latinamericanmusiconline.com\/laguaridadelosmusicos\/wp-json\/wp\/v2\/product_cat?post=195"},{"taxonomy":"product_tag","embeddable":true,"href":"https:\/\/latinamericanmusiconline.com\/laguaridadelosmusicos\/wp-json\/wp\/v2\/product_tag?post=195"}],"curies":[{"name":"wp","href":"https:\/\/api.w.org\/{rel}","templated":true}]}}