{"id":64,"date":"2022-07-28T06:48:43","date_gmt":"2022-07-28T09:48:43","guid":{"rendered":"https:\/\/latinamericanmusiconline.com\/laguaridadelosmusicos\/?page_id=64"},"modified":"2022-08-03T06:58:30","modified_gmt":"2022-08-03T09:58:30","slug":"sobre-fico-de-castro","status":"publish","type":"page","link":"https:\/\/latinamericanmusiconline.com\/laguaridadelosmusicos\/sobre-fico-de-castro\/","title":{"rendered":"Sobre Fico De Castro"},"content":{"rendered":"\t\t<div data-elementor-type=\"wp-page\" data-elementor-id=\"64\" class=\"elementor elementor-64\">\n\t\t\t\t\t\t\t\t\t<section class=\"elementor-section elementor-top-section elementor-element elementor-element-3c412ee elementor-section-boxed elementor-section-height-default elementor-section-height-default\" data-id=\"3c412ee\" data-element_type=\"section\">\n\t\t\t\t\t\t<div class=\"elementor-container elementor-column-gap-default\">\n\t\t\t\t\t<div class=\"elementor-column elementor-col-100 elementor-top-column elementor-element elementor-element-78ed276\" data-id=\"78ed276\" data-element_type=\"column\">\n\t\t\t<div class=\"elementor-widget-wrap elementor-element-populated\">\n\t\t\t\t\t\t\t\t<div class=\"elementor-element elementor-element-abb86e1 elementor-widget elementor-widget-image\" data-id=\"abb86e1\" data-element_type=\"widget\" data-widget_type=\"image.default\">\n\t\t\t\t<div class=\"elementor-widget-container\">\n\t\t\t<style>\/*! elementor - v3.6.8 - 27-07-2022 *\/\n.elementor-widget-image{text-align:center}.elementor-widget-image a{display:inline-block}.elementor-widget-image a img[src$=\".svg\"]{width:48px}.elementor-widget-image img{vertical-align:middle;display:inline-block}<\/style>\t\t\t\t\t\t\t\t\t\t\t\t<img width=\"768\" height=\"770\" src=\"https:\/\/latinamericanmusiconline.com\/laguaridadelosmusicos\/wp-content\/uploads\/2022\/07\/Fico-de-Castro-Cosmusica-1022x1024-1-768x770.png\" class=\"attachment-medium_large size-medium_large\" alt=\"Fico De Castro - Guitarra\" loading=\"lazy\" srcset=\"https:\/\/latinamericanmusiconline.com\/laguaridadelosmusicos\/wp-content\/uploads\/2022\/07\/Fico-de-Castro-Cosmusica-1022x1024-1-768x770.png 768w, https:\/\/latinamericanmusiconline.com\/laguaridadelosmusicos\/wp-content\/uploads\/2022\/07\/Fico-de-Castro-Cosmusica-1022x1024-1-e1659520283761-300x300.png 300w, https:\/\/latinamericanmusiconline.com\/laguaridadelosmusicos\/wp-content\/uploads\/2022\/07\/Fico-de-Castro-Cosmusica-1022x1024-1-e1659520283761-150x150.png 150w, https:\/\/latinamericanmusiconline.com\/laguaridadelosmusicos\/wp-content\/uploads\/2022\/07\/Fico-de-Castro-Cosmusica-1022x1024-1-e1659520283761-600x601.png 600w, https:\/\/latinamericanmusiconline.com\/laguaridadelosmusicos\/wp-content\/uploads\/2022\/07\/Fico-de-Castro-Cosmusica-1022x1024-1-e1659520283761-100x100.png 100w, https:\/\/latinamericanmusiconline.com\/laguaridadelosmusicos\/wp-content\/uploads\/2022\/07\/Fico-de-Castro-Cosmusica-1022x1024-1-e1659520283761.png 700w\" sizes=\"(max-width: 768px) 100vw, 768px\" \/>\t\t\t\t\t\t\t\t\t\t\t\t\t\t\t<\/div>\n\t\t\t\t<\/div>\n\t\t\t\t<div class=\"elementor-element elementor-element-f941e04 elementor-widget elementor-widget-text-editor\" data-id=\"f941e04\" data-element_type=\"widget\" data-widget_type=\"text-editor.default\">\n\t\t\t\t<div class=\"elementor-widget-container\">\n\t\t\t<style>\/*! elementor - v3.6.8 - 27-07-2022 *\/\n.elementor-widget-text-editor.elementor-drop-cap-view-stacked .elementor-drop-cap{background-color:#818a91;color:#fff}.elementor-widget-text-editor.elementor-drop-cap-view-framed .elementor-drop-cap{color:#818a91;border:3px solid;background-color:transparent}.elementor-widget-text-editor:not(.elementor-drop-cap-view-default) .elementor-drop-cap{margin-top:8px}.elementor-widget-text-editor:not(.elementor-drop-cap-view-default) .elementor-drop-cap-letter{width:1em;height:1em}.elementor-widget-text-editor .elementor-drop-cap{float:left;text-align:center;line-height:1;font-size:50px}.elementor-widget-text-editor .elementor-drop-cap-letter{display:inline-block}<\/style>\t\t\t\t<p style=\"caret-color: #000000; color: #000000;\">Naci\u00f3 en Buenos Aires, es m\u00fasico, guitarrista, compositor y productor. Autor de varios de los m\u00e1s prestigiosos m\u00e9todos de guitarra publicados en Argentina incluyendo\u00a0<strong>\u00a8La Biblia del Rock\u00a8<\/strong>\u00a0y \u00a8Tratado de Guitarra\u00a8 dos de los mas vendidos en este pais para este instrumento.<\/p><p style=\"caret-color: #000000; color: #000000;\">De extensa labor como docente, dicto catedras de guitarra en las mas reconocidas escuelas de musica en Buenos Aires y como endorser de guitarras Fender recorri\u00f3 durante 3 a\u00f1os varias veces el pais presentando\u00a0<strong>\u00a8Fender Legends\u00a8<\/strong>demostrando en vivo los estilos de los mas grandes guitarristas de la historia en las principales ciudades de distintas provincias.<\/p><p style=\"caret-color: #000000; color: #000000;\">Tambien fue\u00a0<strong>columnista o colaborador de revistas especializadas como El Musiquero, Musicos, Guitarristas del mundo, Metal, 13.20, El Biombo, Music Expert<\/strong>. Se presenta regularmente en vivo con diferentes proyectos simultaneamente a su actividad como autor y docente. Vivio en Espa\u00f1a donde integr\u00f3 el grupo Las Ramblas con el que tocaron en\u00a0<strong>Barcelona, Madrid, Amsterdam, Ibiza, Paris, Venecia y Dinamarca<\/strong>. A su regreso a Argentina, lider\u00f3 varias agrupaciones con las que recorre el circuito capitalino y participa en grabaciones junto a artistas como\u00a0<strong>Pappo, Luis Salinas, Javier Malosetti, Walter Giardino, Botafogo, Anibal Arias<\/strong>\u00a0entre otros.<\/p><p style=\"caret-color: #000000; color: #000000;\">El m\u00e9todo de guitarra mas vendido en Argentina de los \u00faltimos a\u00f1os, fue el primer libro que publicara en 1991\u00a0<strong>\u201cLa biblia del Rock\u201d<\/strong>\u00a0del que luego apareci\u00f3 la versi\u00f3n en video (ahora en CD &amp; DVD). Luego\u00a0<strong>\u201cTapping Book\u201d<\/strong>\u00a0,\u00a0<strong>\u201cEscalas y acordes aplicados a la improvisaci\u00f3n\u201d<\/strong>, \u00a8<strong>Tratado de Guitarra\u00a8<\/strong>\u00a0(pr\u00f3ximo a alcanzar la misma cantidad de ventas que La Bilblia del Rock), el libro de transcripciones de su CD\u00a0<strong>\u201cNavegantes y ap\u00f3stoles\u201d, \u201cGuitarra Tango\u201d<\/strong>\u00a0,\u00a0<strong>\u201cGuitarra Folklore\u201d<\/strong>\u00a0y\u00a0<strong>\u201cTangos para guitarra\u201c<\/strong>. Como productor le corresponde la autor\u00eda de los m\u00e9todos\u00a0<strong>\u201cPiano Blues\u201d y \u201cPiano Rock n\u2019 Roll y Boogie Woogie\u201d<\/strong>\u00a0de la serie tecladistas de\u00a0<a href=\"https:\/\/latinamericanmusiconline.com\/laguaridadelosmusicos\/cosmusica\/\"><strong>Cosmusica<\/strong><\/a>.<\/p><p style=\"caret-color: #000000; color: #000000;\">En su infancia descubri\u00f3 la pasi\u00f3n por la m\u00fasica escuchando discos de Rock n\u2019 Roll, The Beatles y The Rolling Stones. Fue unos a\u00f1os m\u00e1s tarde cuando escuchando Electric Ladyland de\u00a0<strong>Jimi Hendrix<\/strong>\u00a0descubri\u00f3 la emoci\u00f3n por la guitarra y a los diecisiete a\u00f1os, decidi\u00f3 volcarse de lleno al aprendizaje del instrumento. Sus primeras lecciones fueron junto a amigos del barrio y compa\u00f1eros de escuela, m\u00e1s tarde los discos de\u00a0<strong>Blues<\/strong>\u00a0y\u00a0<strong>Rock<\/strong>\u00a0de J<strong>ohnny Winter<\/strong>\u00a0(su mayor influencia)\u00a0<strong>BB King<\/strong>,\u00a0<strong>Peter Green<\/strong>\u00a0entre otros, se convirtieron en su escuela preferida. M\u00e1s adelante Deep Purple, Santana, Frank Zappa y Billy Cobhan se sumaron a la lista y luego llegaron otras dos marcadas influencias: Larry Carlton\u00a0y Eddie Van Halen\u00a0de quienes aprendi\u00f3 gran parte del vocabulario que utiliza.<\/p><p style=\"caret-color: #000000; color: #000000;\">Pasaron varios a\u00f1os hasta que comienza a interesarse por la musica argentina. Se dedic\u00f3 a investigar el\u00a0<strong>folklore<\/strong>\u00a0y el\u00a0<strong>tango<\/strong>, descubriendo entonces la ausencia de material de ense\u00f1anza de estos estilos para la guitarra. Este hecho lo lleva a duplicar sus esfuerzos y abocarse completamente al estudio de esta m\u00fasica y a publicar (con la colaboraci\u00f3n de especialistas en cada estilo) sus libros:\u00a0<strong>\u00a8Guitarra Folklore\u00a8, \u00a8Guitarra Tango\u00a8, \u201cTangos para Guitarra\u201d<\/strong>.<\/p>\t\t\t\t\t\t<\/div>\n\t\t\t\t<\/div>\n\t\t\t\t\t<\/div>\n\t\t<\/div>\n\t\t\t\t\t\t\t<\/div>\n\t\t<\/section>\n\t\t\t\t<section class=\"elementor-section elementor-top-section elementor-element elementor-element-1ad7152e elementor-section-boxed elementor-section-height-default elementor-section-height-default\" data-id=\"1ad7152e\" data-element_type=\"section\">\n\t\t\t\t\t\t<div class=\"elementor-container elementor-column-gap-default\">\n\t\t\t\t\t<div class=\"elementor-column elementor-col-100 elementor-top-column elementor-element elementor-element-3c366ae6\" data-id=\"3c366ae6\" data-element_type=\"column\">\n\t\t\t<div class=\"elementor-widget-wrap elementor-element-populated\">\n\t\t\t\t\t\t\t\t<div class=\"elementor-element elementor-element-31027f26 elementor-shape-circle elementor-grid-0 e-grid-align-center elementor-widget elementor-widget-social-icons\" data-id=\"31027f26\" data-element_type=\"widget\" data-widget_type=\"social-icons.default\">\n\t\t\t\t<div class=\"elementor-widget-container\">\n\t\t\t<style>\/*! elementor - v3.6.8 - 27-07-2022 *\/\n.elementor-widget-social-icons.elementor-grid-0 .elementor-widget-container,.elementor-widget-social-icons.elementor-grid-mobile-0 .elementor-widget-container,.elementor-widget-social-icons.elementor-grid-tablet-0 .elementor-widget-container{line-height:1;font-size:0}.elementor-widget-social-icons:not(.elementor-grid-0):not(.elementor-grid-tablet-0):not(.elementor-grid-mobile-0) .elementor-grid{display:inline-grid}.elementor-widget-social-icons .elementor-grid{grid-column-gap:var(--grid-column-gap,5px);grid-row-gap:var(--grid-row-gap,5px);grid-template-columns:var(--grid-template-columns);-webkit-box-pack:var(--justify-content,center);-ms-flex-pack:var(--justify-content,center);justify-content:var(--justify-content,center);justify-items:var(--justify-content,center)}.elementor-icon.elementor-social-icon{font-size:var(--icon-size,25px);line-height:var(--icon-size,25px);width:calc(var(--icon-size, 25px) + (2 * var(--icon-padding, .5em)));height:calc(var(--icon-size, 25px) + (2 * var(--icon-padding, .5em)))}.elementor-social-icon{--e-social-icon-icon-color:#fff;display:-webkit-inline-box;display:-ms-inline-flexbox;display:inline-flex;background-color:#818a91;-webkit-box-align:center;-ms-flex-align:center;align-items:center;-webkit-box-pack:center;-ms-flex-pack:center;justify-content:center;text-align:center;cursor:pointer}.elementor-social-icon i{color:var(--e-social-icon-icon-color)}.elementor-social-icon svg{fill:var(--e-social-icon-icon-color)}.elementor-social-icon:last-child{margin:0}.elementor-social-icon:hover{opacity:.9;color:#fff}.elementor-social-icon-android{background-color:#a4c639}.elementor-social-icon-apple{background-color:#999}.elementor-social-icon-behance{background-color:#1769ff}.elementor-social-icon-bitbucket{background-color:#205081}.elementor-social-icon-codepen{background-color:#000}.elementor-social-icon-delicious{background-color:#39f}.elementor-social-icon-deviantart{background-color:#05cc47}.elementor-social-icon-digg{background-color:#005be2}.elementor-social-icon-dribbble{background-color:#ea4c89}.elementor-social-icon-elementor{background-color:#d30c5c}.elementor-social-icon-envelope{background-color:#ea4335}.elementor-social-icon-facebook,.elementor-social-icon-facebook-f{background-color:#3b5998}.elementor-social-icon-flickr{background-color:#0063dc}.elementor-social-icon-foursquare{background-color:#2d5be3}.elementor-social-icon-free-code-camp,.elementor-social-icon-freecodecamp{background-color:#006400}.elementor-social-icon-github{background-color:#333}.elementor-social-icon-gitlab{background-color:#e24329}.elementor-social-icon-globe{background-color:#818a91}.elementor-social-icon-google-plus,.elementor-social-icon-google-plus-g{background-color:#dd4b39}.elementor-social-icon-houzz{background-color:#7ac142}.elementor-social-icon-instagram{background-color:#262626}.elementor-social-icon-jsfiddle{background-color:#487aa2}.elementor-social-icon-link{background-color:#818a91}.elementor-social-icon-linkedin,.elementor-social-icon-linkedin-in{background-color:#0077b5}.elementor-social-icon-medium{background-color:#00ab6b}.elementor-social-icon-meetup{background-color:#ec1c40}.elementor-social-icon-mixcloud{background-color:#273a4b}.elementor-social-icon-odnoklassniki{background-color:#f4731c}.elementor-social-icon-pinterest{background-color:#bd081c}.elementor-social-icon-product-hunt{background-color:#da552f}.elementor-social-icon-reddit{background-color:#ff4500}.elementor-social-icon-rss{background-color:#f26522}.elementor-social-icon-shopping-cart{background-color:#4caf50}.elementor-social-icon-skype{background-color:#00aff0}.elementor-social-icon-slideshare{background-color:#0077b5}.elementor-social-icon-snapchat{background-color:#fffc00}.elementor-social-icon-soundcloud{background-color:#f80}.elementor-social-icon-spotify{background-color:#2ebd59}.elementor-social-icon-stack-overflow{background-color:#fe7a15}.elementor-social-icon-steam{background-color:#00adee}.elementor-social-icon-stumbleupon{background-color:#eb4924}.elementor-social-icon-telegram{background-color:#2ca5e0}.elementor-social-icon-thumb-tack{background-color:#1aa1d8}.elementor-social-icon-tripadvisor{background-color:#589442}.elementor-social-icon-tumblr{background-color:#35465c}.elementor-social-icon-twitch{background-color:#6441a5}.elementor-social-icon-twitter{background-color:#1da1f2}.elementor-social-icon-viber{background-color:#665cac}.elementor-social-icon-vimeo{background-color:#1ab7ea}.elementor-social-icon-vk{background-color:#45668e}.elementor-social-icon-weibo{background-color:#dd2430}.elementor-social-icon-weixin{background-color:#31a918}.elementor-social-icon-whatsapp{background-color:#25d366}.elementor-social-icon-wordpress{background-color:#21759b}.elementor-social-icon-xing{background-color:#026466}.elementor-social-icon-yelp{background-color:#af0606}.elementor-social-icon-youtube{background-color:#cd201f}.elementor-social-icon-500px{background-color:#0099e5}.elementor-shape-rounded .elementor-icon.elementor-social-icon{border-radius:10%}.elementor-shape-circle .elementor-icon.elementor-social-icon{border-radius:50%}<\/style>\t\t<div class=\"elementor-social-icons-wrapper elementor-grid\">\n\t\t\t\t\t\t\t<span class=\"elementor-grid-item\">\n\t\t\t\t\t<a class=\"elementor-icon elementor-social-icon elementor-social-icon-facebook elementor-repeater-item-8679b35\" href=\"https:\/\/www.facebook.com\/laguaridadelosmusicos\" target=\"_blank\">\n\t\t\t\t\t\t<span class=\"elementor-screen-only\">Facebook<\/span>\n\t\t\t\t\t\t<i class=\"fab fa-facebook\"><\/i>\t\t\t\t\t<\/a>\n\t\t\t\t<\/span>\n\t\t\t\t\t\t\t<span class=\"elementor-grid-item\">\n\t\t\t\t\t<a class=\"elementor-icon elementor-social-icon elementor-social-icon-whatsapp elementor-repeater-item-b83acbb\" href=\"https:\/\/api.whatsapp.com\/send?phone=%2B541128166551&#038;fbclid=IwAR2qFHvwrd4LYj4msqNZ9iNuY9Cl2Xq0K2owIHoy8mjhMsCWRqWoTjDZlPg\" target=\"_blank\">\n\t\t\t\t\t\t<span class=\"elementor-screen-only\">Whatsapp<\/span>\n\t\t\t\t\t\t<i class=\"fab fa-whatsapp\"><\/i>\t\t\t\t\t<\/a>\n\t\t\t\t<\/span>\n\t\t\t\t\t<\/div>\n\t\t\t\t<\/div>\n\t\t\t\t<\/div>\n\t\t\t\t\t<\/div>\n\t\t<\/div>\n\t\t\t\t\t\t\t<\/div>\n\t\t<\/section>\n\t\t\t\t\t\t\t<\/div>\n\t\t","protected":false},"excerpt":{"rendered":"<p>Naci\u00f3 en Buenos Aires, es m\u00fasico, guitarrista, compositor y productor. Autor de varios de los m\u00e1s prestigiosos m\u00e9todos de guitarra publicados en Argentina incluyendo\u00a0\u00a8La Biblia del Rock\u00a8\u00a0y \u00a8Tratado de Guitarra\u00a8 dos de los mas vendidos en este pais para este instrumento. De extensa labor como docente, dicto catedras de guitarra en las mas reconocidas escuelas &#8230; <a title=\"Sobre Fico De Castro\" class=\"read-more\" href=\"https:\/\/latinamericanmusiconline.com\/laguaridadelosmusicos\/sobre-fico-de-castro\/\" aria-label=\"More on Sobre Fico De Castro\">Read more<\/a><\/p>\n","protected":false},"author":1,"featured_media":0,"parent":0,"menu_order":0,"comment_status":"closed","ping_status":"closed","template":"","meta":[],"_links":{"self":[{"href":"https:\/\/latinamericanmusiconline.com\/laguaridadelosmusicos\/wp-json\/wp\/v2\/pages\/64"}],"collection":[{"href":"https:\/\/latinamericanmusiconline.com\/laguaridadelosmusicos\/wp-json\/wp\/v2\/pages"}],"about":[{"href":"https:\/\/latinamericanmusiconline.com\/laguaridadelosmusicos\/wp-json\/wp\/v2\/types\/page"}],"author":[{"embeddable":true,"href":"https:\/\/latinamericanmusiconline.com\/laguaridadelosmusicos\/wp-json\/wp\/v2\/users\/1"}],"replies":[{"embeddable":true,"href":"https:\/\/latinamericanmusiconline.com\/laguaridadelosmusicos\/wp-json\/wp\/v2\/comments?post=64"}],"version-history":[{"count":19,"href":"https:\/\/latinamericanmusiconline.com\/laguaridadelosmusicos\/wp-json\/wp\/v2\/pages\/64\/revisions"}],"predecessor-version":[{"id":240,"href":"https:\/\/latinamericanmusiconline.com\/laguaridadelosmusicos\/wp-json\/wp\/v2\/pages\/64\/revisions\/240"}],"wp:attachment":[{"href":"https:\/\/latinamericanmusiconline.com\/laguaridadelosmusicos\/wp-json\/wp\/v2\/media?parent=64"}],"curies":[{"name":"wp","href":"https:\/\/api.w.org\/{rel}","templated":true}]}}